13 + -c285?
-c298
In base 9, what is 308 + -4253?
-3844
In base 9, what is -115 + 43501?
43375
In base 7, what is 3305 - 230?
3045
In base 11, what is 333 - 1089?
-856
In base 6, what is -315411 - 2?
-315413
In base 8, what is 1141 - -60?
1221
In base 7, what is -10243 - 1?
-10244
In base 16, what is 1c8 + 1e4c?
2014
In base 10, what is 3308 - 57?
3251
In base 9, what is 3 - 153337?
-153334
In base 11, what is 9 + 16754?
16762
In base 3, what is 12110001 + 100?
12110101
In base 7, what is -24442 - 22?
-24464
In base 8, what is 2 + -242733?
-242731
In base 14, what is -28 + -21b9?
-2203
In base 6, what is -11 - -2423511?
2423500
In base 7, what is 161606 - 24?
161552
In base 10, what is -4164 - -4?
-4160
In base 10, what is 2213 + -3?
2210
In base 12, what is 2 + -a701?
-a6bb
In base 15, what is -1 + 13a91?
13a90
In base 5, what is -1124 - 22032?
-23211
In base 6, what is 20440 + 15?
20455
In base 6, what is -10 - -143251?
143241
In base 3, what is 2110022020 - -2?
2110022022
In base 14, what is 90a + -39?
8b1
In base 3, what is -200 - 122211202?
-122212102
In base 12, what is -2 + 410?
40a
In base 6, what is 13341 - 2110?
11231
In base 5, what is -243244 + -3?
-243302
In base 6, what is 3 + 121045?
121052
In base 16, what is 1 + 41fc?
41fd
In base 15, what is 1577a - 4?
15776
In base 16, what is 37570 + 0?
37570
In base 10, what is 39 - 124194?
-124155
In base 15, what is 1d81 - -16?
1d97
In base 14, what is -b + -b1b?
-b28
In base 9, what is 38 - 2116?
-2067
In base 7, what is -24 + -22260?
-22314
In base 11, what is 3 - -88a49?
88a51
In base 10, what is 9 + 70?
79
In base 10, what is 2 + 96845?
96847
In base 2, what is 11111100100110 - 10000?
11111100010110
In base 12, what is 185124 - -5?
185129
In base 7, what is 15410 + 21?
15431
In base 4, what is 1 - -13313300?
13313301
In base 15, what is -1ee - 13b?
-33a
In base 9, what is -183 + 3568?
3375
In base 5, what is -10 - 2323010?
-2323020
In base 2, what is 1111011 + 111110?
10111001
In base 8, what is 101 + -2360?
-2257
In base 2, what is -1000000111 + -110100?
-1000111011
In base 13, what is -610 + 27?
-5b6
In base 2, what is -1001011100000001 + 100?
-1001011011111101
In base 14, what is 722 - -385?
aa7
In base 8, what is 6510 + -320?
6170
In base 11, what is 4 + 4260?
4264
In base 4, what is -1133 - -1021121?
1013322
In base 9, what is 46385 - 20?
46365
In base 5, what is 203142214 - 3?
203142211
In base 14, what is 2 + 19c52?
19c54
In base 3, what is -10 - -12211002?
12210222
In base 5, what is 1000402132 + 0?
1000402132
In base 4, what is -10 - 11202?
-11212
In base 9, what is -37 + 36048?
36011
In base 3, what is 12020112 - -101?
12020220
In base 4, what is 1022 + 23310302?
23311330
In base 7, what is -6 - 66645?
-66654
In base 5, what is 4 + 1133240?
1133244
In base 16, what is -10e - 206?
-314
In base 4, what is 112 - -2133133?
2133311
In base 2, what is -100101000 + 1111000?
-10110000
In base 14, what is 552 - 9?
547
In base 3, what is 221 + 1201?
2122
In base 10, what is -3959 + 6?
-3953
In base 8, what is -32522 - -3?
-32517
In base 16, what is -e0f4 - 1?
-e0f5
In base 12, what is a1 - -27?
108
In base 13, what is -3 - a4805?
-a4808
In base 16, what is 305 + -bc?
249
In base 5, what is -1032 - -1203?
121
In base 11, what is -23559 - 14?
-23572
In base 11, what is -30 + 7050?
7020
In base 8, what is -426602 - 3?
-426605
In base 12, what is -4 + 3068?
3064
In base 8, what is -763315 + -1?
-763316
In base 13, what is 4384a + 5?
43852
In base 13, what is -6574 - 9?
-6580
In base 10, what is -3419 + 42?
-3377
In base 8, what is -3 + -1534045?
-1534050
In base 16, what is 1dfbf - -28?
1dfe7
In base 5, what is -3042234 + -4?
-3042243
In base 10, what is -92 - 1773?
-1865
In base 5, what is -41423 + 4?
-41414
In base 13, what is 2 - -79c5c?
79c61
In base 13, what is 5 + -481a?
-4815
In base 16, what is -9974 - -7?
-996d
In base 15, what is -4e + 526?
4c7
In base 12, what is 37a09 + -2?
37a07
In base 15, what is -1 + -35ab6?
-35ab7
In base 9, what is -40674 + -14?
-40688
In base 13, what is -19a1 - 4?
-19a5
In base 4, what is -1 - -1003213?
1003212
In base 4, what is 13 - -100212?
100231
In base 3, what is -10 - 1000220122100?
-1000220122110
In base 5, what is 11 - 303104210?
-303104144
In base 2, what is 11 - 1000110100000111?
-1000110100000100
In base 12, what is 0 + -349901?
-349901
In base 10, what is -3 + -31838?
-31841
In base 9, what is 20006 + -31?
18865
In base 6, what is 5 + -202555?
-202550
In base 7, what is 4200 - -6?
4206
In base 15, what is -28dba - 5?
-28dc0
In base 16, what is -1c0a - 5?
-1c0f
In base 3, what is -1 - -101120000?
101112222
In base 2, what is -101110011111011110 - 0?
-101110011111011110
In base 12, what is -6 - -2b99?
2b93
In base 3, what is 2 - -110212121210?
110212121212
In base 4, what is 10 + 1210301220?
1210301230
In base 8, what is 1015 + -210?
605
In base 4, what is -21112 - -22102?
330
In base 12, what is 15 + -22587?
-22572
In base 16, what is -a18 - 5?
-a1d
In base 5, what is -13013 - 40023?
-103041
In base 15, what is -7bd - 3?
-7c1
In base 4, what is -11021322 - -221?
-11021101
In base 4, what is 1202212102 - -3?
1202212111
In base 14, what is -44 + 160?
11a
In base 12, what is -4b7 + -b3?
-5aa
In base 10, what is -70353 - 2?
-70355
In base 15, what is -27 - -7a8?
781
In base 2, what is -100010111011100 + 1?
-100010111011011
In base 8, what is 5 + -2141302?
-2141275
In base 10, what is -2859 - 13?
-2872
In base 6, what is 120 + 30?
150
In base 3, what is 1000 - 10212?
-2212
In base 10, what is -4 + -10354?
-10358
In base 10, what is -46 - 480?
-526
In base 5, what is -2 - -321213?
321211
In base 7, what is 5 + 111236?
111244
In base 12, what is -2388991 + -4?
-2388995
In base 8, what is 4 + -145347?
-145343
In base 13, what is -12 - 7b42?
-7b54
In base 16, what is -14 + 4d5?
4c1
In base 4, what is -232 + -203020?
-203312
In base 8, what is -710 + -245?
-1155
In base 6, what is 4300341 + 31?
4300412
In base 15, what is 42d5 - 2?
42d3
In base 10, what is 5 - 84633?
-84628
In base 2, what is 11111101100010 + 0?
11111101100010
In base 3, what is 2101012210 + -2000?
2101010210
In base 4, what is -3333003 + 2?
-3333001
In base 6, what is -45 - 2512102?
-2512151
In base 8, what is -3 - 51462?
-51465
In base 9, what is 13347 - -15?
13363
In base 15, what is 177ba + -3?
177b7
In base 10, what is -70 - 1983?
-2053
In base 12, what is 17 + 64b4?
650b
In base 14, what is 5d6a7 - -4?
5d6ab
In base 2, what is -1101011 + 100001011?
10100000
In base 8, what is 240 - 15031?
-14571
In base 14, what is 405 - -a4?
4a9
In base 12, what is 546a - -10?
547a
In base 14, what is -b + -15b1?
-15bc
In base 6, what is -3 + -14434535?
-14434542
In base 5, what is 313132 - -11?
313143
In base 6, what is -1000 - -132532?
131532
In base 11, what is -61 - -100a7?
10046
In base 2, what is -10110 - 111010000?
-111100110
In base 5, what is 43300 - 101?
43144
In base 9, what is 107 - -686?
804
In base 15, what is 50 + -2ae?
-25e
In base 12, what is -18 - -3b?
23
In base 2, what is 11100100 - 1000001?
10100011
In base 5, what is -2303321 + -43?
-2303414
In base 13, what is 0 - 115b9c?
-115b9c
In base 14, what is -2 + -8340?
-8342
In base 8, what is 367610 - 2?
367606
In base 4, what is -312 + 20122110?
20121132
In base 16, what is 2 + -637f?
-637d
In base 9, what is 1 - -41736?
41737
In base 12, what is 115b7 + b3?
116aa
In base 16, what is 24a - -f?
259
In base 9, what is 5 - 117367?
-117362
In base 2, what is 100 - -101111010100111111111?
101111010101000000011
In base 3, what is -220 - 21021011?
-21022001
In base 5, what is 2222441 + -11?
2222430
In base 10, what is 4 + 16473?
16477
In base 6, what is -241010 + -21?
-241031
In base 8, what is 67 - 143153?
-143064
In base 12, what is -63 - 16a6?
-1749
In base 4, what is -10322 + 122120?
111132
In base 4, what is -202112 + -11?
-202123
In base 15, what is -236b34 - 5?
-236b39
In base 7, what is -523 + -260?
-1113
In base 11, what is -71696 + -5?
-716a0
In base 5, what is -1001 + 12023?
11022
In base 2, what is 100000000010101 + 10?
100000000010111
In base 2, what is -1111011110011 + -1000011?
-1111100110110
In base 2, what is 1110100000011000 + 101?
1110100000011101
In base 8, what is -1 - 142353?
-142354
In base 13, what is -9